32232322
What is -116a2 (base 12) in base 13?
-a89b
Convert -178301 (base 9) to base 13.
-3b716
What is -144831 (base 12) in base 6?
-11141301
What is -124737 (base 8) in base 11?
-2a744
What is 338204 (base 9) in base 5?
22442303
Convert 67188 (base 9) to base 14.
1239c
What is -233310110 (base 4) in base 8?
-576424
What is -4d7444 (base 16) in base 2?
-10011010111010001000100
Convert -30133342 (base 5) to base 4.
-322203213
3360423 (base 7) to base 16
660c3
Convert 5556105 (base 9) to base 13.
808a81
-535c8b (base 15) to base 12
-13b4688
-110221112210 (base 3) to base 16
-3e364
-8e5c (base 15) to base 3
-1112110220
Convert 6826 (base 14) to base 2.
100011010010010
What is -817c01 (base 13) in base 8?
-13403171
-273752c (base 13) to base 2
-101111001000010000110110
411248 (base 10) to base 7
3331655
What is 1efe2c (base 16) in base 4?
13233320230
Convert -78a75b (base 12) to base 9.
-3555058
53215502 (base 6) to base 10
1557758
-2364c1 (base 16) to base 13
-632a22
Convert 102210201 (base 3) to base 6.
103501
What is 157b626 (base 12) in base 11?
25321a5
What is -11a2949 (base 11) in base 14?
-3c3094
Convert 2182412 (base 11) to base 15.
508290
What is -45a29 (base 15) in base 10?
-221664
What is -30122312 (base 4) in base 11?
-35246
What is 1111111100000011001011 (base 2) in base 15?
577e68
Convert -6513 (base 15) to base 7.
-116241
What is -4337f (base 16) in base 14?
-724a3
What is 136300534 (base 7) in base 4?
202103110033
What is -665315 (base 7) in base 11?
-7aaa5
What is -124532525 (base 6) in base 8?
-11327205
-12300220000 (base 4) to base 5
-423201112
Convert 48b754 (base 14) to base 16.
25ff8e
What is 4444133 (base 5) in base 10?
78043
What is -44251 (base 9) in base 11?
-20079
-1450717 (base 8) to base 15
-82aa9
131323213331 (base 4) to base 8
35734775
-1261763 (base 8) to base 12
-15052b
What is -332013203 (base 4) in base 2?
-111110000111100011
What is -31455414 (base 7) in base 11?
-1563648
What is 387a90 (base 13) in base 11?
8494a8
Convert 12242424 (base 6) to base 4.
1200111100
-122032120 (base 4) to base 5
-11414131
What is d76c7 (base 15) in base 2?
10100110110100010111
What is 14320250 (base 6) in base 8?
1702046
Convert 1001110133 (base 4) to base 5.
32030201
What is -50a118 (base 12) in base 8?
-4640044
Convert 102978 (base 13) to base 15.
76bdc
Convert -1796959 (base 10) to base 8.
-6665537
Convert 6362046 (base 7) to base 6.
24311253
What is -1010110010000000001000 (base 2) in base 15?
-3ac618
What is -101511534 (base 6) in base 10?
-1766866
What is -730a (base 13) in base 2?
-11111000011000
2133a (base 14) to base 16
13958
What is 3313333232 (base 4) in base 13?
297479
What is -a64b7 (base 12) in base 3?
-102002122111
635247 (base 8) to base 14
5719d
Convert -49440a5 (base 11) to base 7.
-133045013
What is b0314 (base 16) in base 12?
2a9784
Convert -24b132 (base 12) to base 5.
-123143143
Convert 12553215 (base 9) to base 7.
103332413
-65464262 (base 7) to base 9
-11504088
What is 7f939 (base 16) in base 11?
327669
What is -726a (base 14) in base 4?
-10303232
Convert -1101011001010000001011 (base 2) to base 15.
-4955c2
-48ca6 (base 14) to base 9
-301284
What is 2c6149 (base 13) in base 4?
10030033222
Convert 2242100 (base 6) to base 14.
2da3a
Convert -1100110011110 (base 2) to base 13.
-2ca6
What is 7290e (base 16) in base 15?
94092
What is 330322202 (base 5) in base 8?
5317731
Convert 5342454 (base 6) to base 9.
438847
Convert 375515 (base 8) to base 16.
1fb4d
Convert -4d668 (base 15) to base 13.
-88a54
-1c1097 (base 13) to base 16
-aee3a
Convert -ada56 (base 15) to base 6.
-15501400
1020213 (base 5) to base 3
212020011
Convert 2232430 (base 6) to base 10.
113346
Convert -4733092 (base 10) to base 15.
-6375e7
-111120100120 (base 3) to base 13
-94740
Convert -53404545 (base 6) to base 3.
-2221212010202
What is 10201232331 (base 4) in base 16?
121bbd
What is -2101000211002 (base 3) in base 13?
-35185a
Convert 62537 (base 8) to base 10.
25951
626885 (base 10) to base 13
18c44c
What is -1111010100112 (base 3) in base 12?
-321058
-732702 (base 9) to base 12
-18b925
-11067 (base 15) to base 2
-1101001101010001
Convert 1101222210122 (base 3) to base 12.
300915
Convert -1eab53 (base 15) to base 9.
-2742616
Convert -983644 (base 11) to base 6.
-53402442
2350350 (base 9) to base 5
311214442
What is 1702957 (base 10) in base 2?
110011111110000101101
What is -121200332310 (base 4) in base 12?
-22a6930
-169217 (base 10) to base 3
-22121010022
268735 (base 12) to base 7
5262002
Convert -640488 (base 9) to base 11.
-240231
What is d269a8 (base 14) in base 6?
411521452
888286 (base 9) to base 8
2015010
What is -1296402 (base 10) in base 3?
-2102212022220
542314 (base 8) to base 16
2c4cc
What is 200100015 (base 6) in base 3?
20100001200102
-625216 (base 9) to base 8
-1325046
What is 10001003123 (base 4) in base 7?
11643440
-174356 (base 10) to base 3
-22212011122
73102 (base 9) to base 10
48197
-318b33 (base 12) to base 11
-495047
-4260227 (base 8) to base 13
-30b490
-12441031 (base 5) to base 3
-20022210201
Convert -12102212311 (base 4) to base 12.
-6763b1
What is -7aa856 (base 11) in base 4?
-10322132222
What is -556d4 (base 14) in base 2?
-110010100100111010
What is -111011111120 (base 3) in base 4?
-333101121
Convert -482981 (base 13) to base 16.
-1a3d80
What is -100101000011110101 (base 2) in base 10?
-151797
-10402250 (base 8) to base 16
-2204a8
What is 41142 (base 9) in base 14?
9c32
What is 1690771 (base 10) in base 6?
100123351
Convert 13001100 (base 4) to base 12.
14780
What is 24abf0 (base 16) in base 9?
4462646
1324722 (base 9) to base 6
23313245
2d42 (base 14) to base 3
102002210
-10111001111001100001 (base 2) to base 11
-48009a
5322051 (base 6) to base 11
1680a8
-102220201210 (base 3) to base 14
-61691
What is -110012022101012 (base 3) in base 14?
-c0a26a
-15b342 (base 14) to base 12
-3082a6
What is 5304711 (base 12) in base 5?
13003344344
What is -1859952 (base 11) in base 12?
-1078937
What is 219ab (base 12) in base 11?
30590
Convert -16c9b0 (base 15) to base 14.
-20adcb
Convert 11bd88 (base 16) to base 14.
2239b2
What is -3231595 (base 11) in base 14?
-a7cd88
What is cc60b (base 13) in base 11?
233094
Convert -468278 (base 9) to base 16.
-44c1b
Convert -142884 (base 11) to base 5.
-24121322
-20303010013 (base 4) to base 2
-1000110011000100000111
1241683 (base 10) to base 5
304213213
3010231113 (base 5) to base 8
26534667
Convert 1100011100110001001 (base 2) to base 11.
25954a
What is -ac9575 (base 15) in base 6?
-452243032
What is 2c270 (base 13) in base 12?
4068b
What is -503324311 (base 6) in base 16?
-82b0d3
Convert 284340 (base 10) to base 15.
593b0
Convert -67177 (base 8) to base 4.
-12321333
What is -424302251 (base 6) in base 9?
-15073654
What is -320295 (base 10) in base 9?
-537323
Convert -202111221102 (base 3) to base 5.
-100410243
What is 6075656 (base 8) in base 5?
402321101
What is -542134 (base 11) in base 13?
-244607
Convert 71066 (base 9) to base 10.
46716
-1010666 (base 8) to base 11
-1723a5
Convert -112312010 (base 4) to base 5.
-10443242
Convert -32236417 (base 8) to base 4.
-122103310033
What is 224953 (base 11) in base 8?
1272737
-ca6569 (base 13) to base 10
-4755240
-3033213221 (base 4) to base 6
-30121025
What is -12578320 (base 9) in base 13?
-138ab87
Convert -21a5da (base 14) to base 16.
-116f94
Convert 2142870 (base 11) to base 12.
13177a4
Convert -11011101 (base 2) to base 13.
-140
Convert -2188001 (base 10) to base 3.
-11010011101002
What is 7674504 (base 8) in base 2?
111110111100101000100
Convert -112664 (base 10) to base 8.
-334030
Convert 9b2282 (base 12) to base 4.
21123120002
What is 30b08 (base 12) in base 8?
174470
-9c1277 (base 16) to base 10
-10228343
25045555 (base 6) to base 11
4a6858
Convert 866643 (base 9) to base 12.
20aba9
What is 161c8 (base 14) in base 4?
31133110
-13641424 (base 7) to base 4
-10322111011
-1111022 (base 9) to base 4
-2101330220
What is -153423330 (base 6) in base 5?
-1313104414
What is -16541200 (base 9) in base 2?
-11111101000111001101011
-30b067 (base 12) to base 6
-24224211
-1bc515 (base 13) to base 2
-10101101111111110011
Convert -1852648 (base 9) to base 10.
-1038626
Convert 6564496 (base 10) to base 5.
3140030441
41324401 (base 5) to base 6
11135